-p + 3*k + 113. Suppose p*y = 98*y + 1098. What is the hundreds digit of y?
1
Suppose -5*o + 4*h = -8*o + 17162, 0 = -5*h - 20. What is the hundreds digit of o?
7
Suppose -10 = n - 5. Let a be (n/((-50)/8))/((-6)/45). What is the tens digit of ((-6)/10)/(1076/180 + a)?
2
Suppose -4*n + 68 = -4*r, -4*r + 3 + 82 = 5*n. Let w = n - -7. Let i = w + 40. What is the units digit of i?
4
What is the tens digit of (-9505 + 103)/(2/(-1))?
0
Suppose -i - 3*i = -360. Let f be (-205662)/i + 4/30. What is the tens digit of 2/(-12) - f/30?
7
Let p(h) = h**2 - 20*h - 46. Let f be p(-5). Let a = f - 48. What is the tens digit of a?
3
Suppose 3*p + 5*b = -0*p + 36716, -p + 15*b + 12272 = 0. What is the thousands digit of p?
2
Let z = 146 + -138. Suppose 2*q - 402 = 2*a, 6*a - z*a = -6. What is the tens digit of q?
0
Let v(a) = 21*a - 1. Let i be v(1). Suppose 4*j = z + 25, -30*j = -29*j - 2*z - 8. What is the tens digit of ((-52)/j)/(i/(-30))?
1
Let q be 3/(0 + (-6)/(-20)). Suppose -q*j + 1707 = -1703. What is the units digit of j?
1
Let b(r) be the first derivative of 10*r**3/3 + 8*r**2 - 54*r + 104. What is the units digit of b(4)?
0
Let b be (-1)/(-2)*(-37 - -37). Suppose 0*o - 11*o + 330 = b. What is the tens digit of o?
3
Let t = -32 + 24. Let h be t/10 + (-1062)/(-90). Suppose -34 = -v + h. What is the units digit of v?
5
Let n = -588 - -592. Suppose -6*o + 2404 = 4*c - n*o, 3005 = 5*c + 4*o. What is the hundreds digit of c?
6
Let g(x) = -x**2 + 10*x + 2. Let s = -3 - -13. Let y be g(s). Suppose -66 = -l - 2*q, -5 = -y*q + q. What is the tens digit of l?
5
Let q(z) = -444*z - 690. What is the units digit of q(-6)?
4
Let m be ((-12)/10)/((-9)/60). Let u = -6 + m. What is the tens digit of 15*(u + (-2)/6*-3)?
4
Let i(y) = y**3 - 25*y**2 + 49*y + 10. Suppose 3*g + 39 = 108. What is the units digit of i(g)?
9
Suppose -5*t = -g + 1302, -3*g - 4*t = 1092 - 4979. What is the units digit of g?
7
Suppose -3715147 = 15*c - 122*c. What is the hundreds digit of c?
7
Suppose -245*f + 240*f + 80 = 0. Suppose -f*s + 4153 = -695. What is the hundreds digit of s?
3
Suppose -2*t + 7 = -t. Suppose 5*j + t = 6*j. Suppose -9 = -j*a + 628. What is the tens digit of a?
9
Let d(a) = -11*a - 7. Let j = -38 + 37. Let x be d(j). What is the units digit of (5053/124)/(1/x)?
3
Suppose t + 41*x - 28117 = 36*x, -2*t + 6*x + 56090 = 0. What is the ten thousands digit of t?
2
Suppose -m = 3*r - 0*r + 7, -3*r - 1 = 4*m. Suppose 2*u = -b - 30, -5*u - 4*b - 78 = -0*u. What is the units digit of 140*(m/20)/(u/(-112))?
2
Let g be ((-1)/1)/(5 - 21077/4214). Let c = -247 + g. What is the hundreds digit of c?
3
What is the tens digit of (-40)/12 + 2 + (-6 - (-60854)/6)?
3
Suppose -70 = 2*w - 16*w. Suppose t - 8 + 4 = 0, w*k + t - 4439 = 0. What is the units digit of k?
7
Suppose 3*k - 13216 = -2*y, -6 = 182*k - 183*k. What is the hundreds digit of y?
5
Let p = 97 - -450. Let h = -255 + p. What is the units digit of h?
2
Suppose 3*r = -3*x + 2*x - 51, 5*x - r = -207. What is the hundreds digit of 196 - (x/15 + (-3)/15)?
1
Let o(m) = -206*m - 583. What is the units digit of o(-13)?
5
Suppose -3*x + 61846 = 3*p + p, -p = 2*x - 15459. What is the units digit of p?
3
Let h(p) = -p**3 - 20*p + 4*p**2 + 10*p**2 - 12 + 5*p. Suppose 77 = 3*y + 41. What is the tens digit of h(y)?
9
Let s be (5 + -5)/(-1 + 2). Suppose s = x - 2*v - 3*v - 13, -5*x + 17 = -v. Suppose -264 = -d - x*d. What is the units digit of d?
6
Suppose -69786 = -2*s + 2*p, 0 = 5*s + 321*p - 319*p - 174493. What is the thousands digit of s?
4
Let t be ((-942)/(-12))/(((-12)/88)/(-3)). Suppose -6*l = -3259 - t. Suppose -s + x - l = -6*s, -147 = -s - 5*x. What is the units digit of s?
7
Let l = 14728 + -3609. What is the units digit of l?
9
Let f(s) = -109*s - 1. Let t(a) = a**2 + a - 7. Let w be (-4 + (-9)/(-2))/(3/(-18)). Let v be t(w). What is the tens digit of f(v)?
0
Let t(i) = -2*i**2 + 3*i + 4. Let v be t(7). Let d = v - -86. Suppose r = 17 + d. What is the units digit of r?
0
Let k = 578 + -592. What is the hundreds digit of ((-2)/(-4) + (-6895)/k)/1?
4
Suppose -10589 + 833 = -6*u. Suppose u = -4*l + 4*m + 11522, 0 = 3*l - m - 7430. Suppose 11*o - 426 = l. What is the hundreds digit of o?
2
Let b(t) = 10*t**2 - 16*t - 10. Let g be b(-9). Let h = g + 235. What is the tens digit of h?
7
Suppose 178*t - 24*t - 1477627 = 5740661. What is the thousands digit of t?
6
Let s(r) = -r**3 + 4*r**2 + 16*r + 321. What is the tens digit of s(0)?
2
Let g(q) = -173*q**3 + 7*q + 20. Let v be (-3*8/(-6))/(13 + -15). What is the units digit of g(v)?
0
Let c = -273 + 278. Suppose -c*h - 8910 = -11*h. What is the tens digit of h?
8
Let x(p) be the first derivative of -p**4/4 + 2*p**3 + 5*p**2/2 + 5*p + 51. What is the units digit of x(-6)?
7
What is the ten thousands digit of (16/6)/((-362)/(-4143633))?
3
Let a be (110/(-88))/(2 + (-18)/8). Let m = 69 + a. Suppose 0 = 3*r - m + 17. What is the units digit of r?
9
Let r(f) = 72*f**2 - 26*f - 374. What is the tens digit of r(-10)?
8
Let l(i) = 27*i**2 - i - 7. Let h be l(-2). Suppose 136 = 3*t + 4*p, -76 = -4*t - 3*p + h. What is the tens digit of t?
4
Let b be (3 + -2 + 18/(-8))*-12. Suppose b*p + 9660 = 36*p. What is the tens digit of p?
6
Let g = 338 + -313. Suppose g*y - 31*y = -8850. What is the hundreds digit of y?
4
What is the units digit of ((-796)/(-16))/((-1)/56*70/(-245))?
1
Let t(b) = -b**2 - b + 2*b**2 + b**3 + 0*b**2. Let c be t(-3). What is the units digit of 15*((-50)/c - 1)?
5
Suppose -29974 + 110907 = 4*q - d, 3*q = -d + 60691. What is the hundreds digit of q?
2
Let h(n) be the first derivative of -n**4/4 + 2*n**3 + n**2 - 11*n + 1. Suppose -41*m = -5*m - 216. What is the units digit of h(m)?
1
Let n(i) = 2*i**3 + 25*i**2 + 11*i - 7. Let v be n(-12). Suppose -5*y = -25, -5*f = -v*y - 1594 + 5009. Let w = -405 - f. What is the hundreds digit of w?
2
Let f be 83772/(-99) - (-1)/((-11)/(-2)). Let h = -463 - f. What is the tens digit of h?
8
Let v be 1 + -12*6/(-4). What is the units digit of ((-5966)/v)/(4/(-2))?
7
Suppose 8*n + 310 + 498 = 0. Let t be -11*3*(-11)/3. Let c = n + t. What is the units digit of c?
0
Let u(g) = g**3 - 19*g**2 - 18*g - 19. Let r be u(20). Suppose 25*p - r*p - 4364 = 0. What is the thousands digit of p?
1
Let t(z) = 1122*z**2 + 34*z - 2. What is the thousands digit of t(3)?
0
Let n be 2/((-4)/(-1579)) - 27/(-54). Suppose -v - 5*p + 13 + 145 = 0, -5*v - 3*p = -n. What is the tens digit of v?
5
Suppose -87*j + 258723 = -30*j. What is the tens digit of j?
3
Let h(n) = 88*n**2 - 15*n - 36. What is the tens digit of h(9)?
5
Suppose -p - 7 = -u, 3*p - 13 = u + 7*p. Suppose -s - 2*h - 276 = -u*s, 2*h = -2*s + 288. What is the tens digit of s?
4
Suppose -2*k - q + 24 = 0, 2*k - 5*k + 10 = -5*q. Let h be (-4)/k + 1 - 44/(-110). What is the hundreds digit of h - -52*(-10)/(-4)?
1
Let o(a) be the first derivative of 101*a**2 - 39*a + 227. What is the tens digit of o(1)?
6
Suppose 58*p + 27335 - 259554 = 973601. What is the thousands digit of p?
0
Let h(v) = 5*v**3 + 2*v**2 - v + 4. Let k = -351 + 354. What is the hundreds digit of h(k)?
1
Let a(l) = -120*l + 54. Let m be a(5). Let n = m - -1119. What is the units digit of n?
3
What is the units digit of ((-195084)/20)/(153/(-765))?
1
Suppose -9*d + 126052 = 5*w - 12*d, -3*d = -2*w + 50419. What is the ten thousands digit of w?
2
Suppose -5*w + 269890 - 35653 = 4*u, -4*w + 20 = 0. What is the thousands digit of u?
8
Let m(f) = -3*f - 3. Let r be m(-2). Suppose 0 = 2*b + 17*q, 8*q - 7*q = 4*b - 140. Suppose 0 = r*h - b - 101. What is the units digit of h?
5
Suppose -o + 5*o - 12 = 0. Suppose o*z = 6*z. Suppose 5*t = 2*y - 9, 75 = 5*y - z*t - 2*t. What is the tens digit of y?
1
Suppose r - 5 = -3. Suppose 2 = -5*t - 2*y + 13, r*t - 2 = -2*y. Suppose 304 = t*q - 4*f, -4*q - 514 = -9*q + 3*f. What is the units digit of q?
4
Let z = -70 + 247. Suppose -o = -2*p + 418, -p + z = 5*o - 43. Suppose -4*h = -126 - p. What is the units digit of h?
4
Suppose 4*g = 5*u - 237100, -5*u - 8*g + 9*g + 237085 = 0. What is the tens digit of u?
1
Suppose 76 = 63*r - 38*r - 149. Let b(l) = 17*l + 65. Let i(q) = -86*q - 326. Let y(a) = -14*b(a) - 3*i(a). What is the hundreds digit of y(r)?
2
Let h(l) = 586*l - 687. What is the units digit of